{"id":885,"date":"2025-08-30T04:19:50","date_gmt":"2025-08-30T04:19:50","guid":{"rendered":"https:\/\/detaildepot.ar\/?post_type=product&#038;p=885"},"modified":"2026-04-27T00:00:25","modified_gmt":"2026-04-27T03:00:25","slug":"sinergy-paint-500ml","status":"publish","type":"product","link":"https:\/\/detaildepot.ar\/?product=sinergy-paint-500ml","title":{"rendered":"SINERGY PAINT 500ML"},"content":{"rendered":"<p>Sinergy es un recubrimiento en aerosol f\u00e1cil de aplicar, dise\u00f1ado para pintura automotriz, que protege la pintura hasta por 12 meses. Su caracter\u00edstica \u00fanica es su exclusiva tecnolog\u00eda Vonixx, Carbosiloxy, en la que el elemento qu\u00edmico carbono act\u00faa en sinergia con el silicio para formar una pel\u00edcula resistente y superhidrof\u00f3bica con un tiempo de curado promedio de 60 minutos.<\/p>\n<p>Adem\u00e1s, este producto reduce la fricci\u00f3n, minimizando los rayones y brindando un brillo excelente.<\/p>\n<p>Con su f\u00f3rmula avanzada y tecnolog\u00eda de vanguardia, ofrece resultados de alto rendimiento que elevar\u00e1n la apariencia de su veh\u00edculo a un nivel inigualable.<\/p>\n<p>Sinergy est\u00e1 dise\u00f1ado para brindar un brillo profundo y radiante que impresiona. Su f\u00f3rmula \u00fanica no solo le da un toque de lujo a su veh\u00edculo, sino que tambi\u00e9n crea una barrera protectora que mantiene su brillo por mucho m\u00e1s tiempo.<\/p>\n","protected":false},"excerpt":{"rendered":"<p>Sinergy es un recubrimiento en aerosol f\u00e1cil de aplicar, dise\u00f1ado para pintura automotriz, que protege la pintura hasta por 12 meses. Su caracter\u00edstica \u00fanica es su exclusiva tecnolog\u00eda Vonixx, Carbosiloxy, en la que el elemento qu\u00edmico carbono act\u00faa en sinergia con el silicio para formar una pel\u00edcula resistente y superhidrof\u00f3bica con un tiempo de curado [&hellip;]<\/p>\n","protected":false},"featured_media":886,"comment_status":"open","ping_status":"closed","template":"","meta":[],"product_brand":[50],"product_cat":[30],"product_tag":[317,61,316,32,33,19],"class_list":{"0":"post-885","1":"product","2":"type-product","3":"status-publish","4":"has-post-thumbnail","6":"product_brand-vonixx","7":"product_cat-selladores","8":"product_tag-coating","9":"product_tag-exterior","10":"product_tag-pintura","11":"product_tag-sellador","12":"product_tag-spray","13":"product_tag-vonixx","15":"first","16":"instock","17":"shipping-taxable","18":"purchasable","19":"product-type-simple"},"yoast_head":"<!-- This site is optimized with the Yoast SEO plugin v27.4 - https:\/\/yoast.com\/product\/yoast-seo-wordpress\/ -->\n<title>SINERGY PAINT 500ML - Detail Depot | Tienda de insumos para detail<\/title>\n<meta name=\"robots\" content=\"index, follow, max-snippet:-1, max-image-preview:large, max-video-preview:-1\" \/>\n<link rel=\"canonical\" href=\"https:\/\/detaildepot.ar\/?product=sinergy-paint-500ml\" \/>\n<meta property=\"og:locale\" content=\"es_ES\" \/>\n<meta property=\"og:type\" content=\"article\" \/>\n<meta property=\"og:title\" content=\"SINERGY PAINT 500ML - Detail Depot | Tienda de insumos para detail\" \/>\n<meta property=\"og:description\" content=\"Sinergy es un recubrimiento en aerosol f\u00e1cil de aplicar, dise\u00f1ado para pintura automotriz, que protege la pintura hasta por 12 meses. Su caracter\u00edstica \u00fanica es su exclusiva tecnolog\u00eda Vonixx, Carbosiloxy, en la que el elemento qu\u00edmico carbono act\u00faa en sinergia con el silicio para formar una pel\u00edcula resistente y superhidrof\u00f3bica con un tiempo de curado [&hellip;]\" \/>\n<meta property=\"og:url\" content=\"https:\/\/detaildepot.ar\/?product=sinergy-paint-500ml\" \/>\n<meta property=\"og:site_name\" content=\"Detail Depot | Tienda de insumos para detail\" \/>\n<meta property=\"article:modified_time\" content=\"2026-04-27T03:00:25+00:00\" \/>\n<meta property=\"og:image\" content=\"https:\/\/detaildepot.ar\/wp-content\/uploads\/2025\/08\/4.png\" \/>\n\t<meta property=\"og:image:width\" content=\"1024\" \/>\n\t<meta property=\"og:image:height\" content=\"1024\" \/>\n\t<meta property=\"og:image:type\" content=\"image\/png\" \/>\n<meta name=\"twitter:card\" content=\"summary_large_image\" \/>\n<meta name=\"twitter:label1\" content=\"Tiempo de lectura\" \/>\n\t<meta name=\"twitter:data1\" content=\"1 minuto\" \/>\n<script type=\"application\/ld+json\" class=\"yoast-schema-graph\">{\"@context\":\"https:\\\/\\\/schema.org\",\"@graph\":[{\"@type\":\"WebPage\",\"@id\":\"https:\\\/\\\/detaildepot.ar\\\/?product=sinergy-paint-500ml\",\"url\":\"https:\\\/\\\/detaildepot.ar\\\/?product=sinergy-paint-500ml\",\"name\":\"SINERGY PAINT 500ML - Detail Depot | Tienda de insumos para detail\",\"isPartOf\":{\"@id\":\"https:\\\/\\\/detaildepot.ar\\\/#website\"},\"primaryImageOfPage\":{\"@id\":\"https:\\\/\\\/detaildepot.ar\\\/?product=sinergy-paint-500ml#primaryimage\"},\"image\":{\"@id\":\"https:\\\/\\\/detaildepot.ar\\\/?product=sinergy-paint-500ml#primaryimage\"},\"thumbnailUrl\":\"https:\\\/\\\/detaildepot.ar\\\/wp-content\\\/uploads\\\/2025\\\/08\\\/4.png\",\"datePublished\":\"2025-08-30T04:19:50+00:00\",\"dateModified\":\"2026-04-27T03:00:25+00:00\",\"breadcrumb\":{\"@id\":\"https:\\\/\\\/detaildepot.ar\\\/?product=sinergy-paint-500ml#breadcrumb\"},\"inLanguage\":\"es-AR\",\"potentialAction\":[{\"@type\":\"ReadAction\",\"target\":[\"https:\\\/\\\/detaildepot.ar\\\/?product=sinergy-paint-500ml\"]}]},{\"@type\":\"ImageObject\",\"inLanguage\":\"es-AR\",\"@id\":\"https:\\\/\\\/detaildepot.ar\\\/?product=sinergy-paint-500ml#primaryimage\",\"url\":\"https:\\\/\\\/detaildepot.ar\\\/wp-content\\\/uploads\\\/2025\\\/08\\\/4.png\",\"contentUrl\":\"https:\\\/\\\/detaildepot.ar\\\/wp-content\\\/uploads\\\/2025\\\/08\\\/4.png\",\"width\":1024,\"height\":1024},{\"@type\":\"BreadcrumbList\",\"@id\":\"https:\\\/\\\/detaildepot.ar\\\/?product=sinergy-paint-500ml#breadcrumb\",\"itemListElement\":[{\"@type\":\"ListItem\",\"position\":1,\"name\":\"Inicio\",\"item\":\"https:\\\/\\\/detaildepot.ar\\\/\"},{\"@type\":\"ListItem\",\"position\":2,\"name\":\"Tienda\",\"item\":\"https:\\\/\\\/detaildepot.ar\\\/\"},{\"@type\":\"ListItem\",\"position\":3,\"name\":\"SINERGY PAINT 500ML\"}]},{\"@type\":\"WebSite\",\"@id\":\"https:\\\/\\\/detaildepot.ar\\\/#website\",\"url\":\"https:\\\/\\\/detaildepot.ar\\\/\",\"name\":\"Detail Depot | Tienda de insumos para detail\",\"description\":\"\",\"publisher\":{\"@id\":\"https:\\\/\\\/detaildepot.ar\\\/#organization\"},\"potentialAction\":[{\"@type\":\"SearchAction\",\"target\":{\"@type\":\"EntryPoint\",\"urlTemplate\":\"https:\\\/\\\/detaildepot.ar\\\/?s={search_term_string}\"},\"query-input\":{\"@type\":\"PropertyValueSpecification\",\"valueRequired\":true,\"valueName\":\"search_term_string\"}}],\"inLanguage\":\"es-AR\"},{\"@type\":\"Organization\",\"@id\":\"https:\\\/\\\/detaildepot.ar\\\/#organization\",\"name\":\"Detail Depot | Tienda de insumos para detail\",\"url\":\"https:\\\/\\\/detaildepot.ar\\\/\",\"logo\":{\"@type\":\"ImageObject\",\"inLanguage\":\"es-AR\",\"@id\":\"https:\\\/\\\/detaildepot.ar\\\/#\\\/schema\\\/logo\\\/image\\\/\",\"url\":\"https:\\\/\\\/detaildepot.ar\\\/wp-content\\\/uploads\\\/2026\\\/03\\\/652187CB-8631-49B2-8296-13AA835CEAD2.png\",\"contentUrl\":\"https:\\\/\\\/detaildepot.ar\\\/wp-content\\\/uploads\\\/2026\\\/03\\\/652187CB-8631-49B2-8296-13AA835CEAD2.png\",\"width\":1024,\"height\":1024,\"caption\":\"Detail Depot | Tienda de insumos para detail\"},\"image\":{\"@id\":\"https:\\\/\\\/detaildepot.ar\\\/#\\\/schema\\\/logo\\\/image\\\/\"}}]}<\/script>\n<!-- \/ Yoast SEO plugin. -->","yoast_head_json":{"title":"SINERGY PAINT 500ML - Detail Depot | Tienda de insumos para detail","robots":{"index":"index","follow":"follow","max-snippet":"max-snippet:-1","max-image-preview":"max-image-preview:large","max-video-preview":"max-video-preview:-1"},"canonical":"https:\/\/detaildepot.ar\/?product=sinergy-paint-500ml","og_locale":"es_ES","og_type":"article","og_title":"SINERGY PAINT 500ML - Detail Depot | Tienda de insumos para detail","og_description":"Sinergy es un recubrimiento en aerosol f\u00e1cil de aplicar, dise\u00f1ado para pintura automotriz, que protege la pintura hasta por 12 meses. Su caracter\u00edstica \u00fanica es su exclusiva tecnolog\u00eda Vonixx, Carbosiloxy, en la que el elemento qu\u00edmico carbono act\u00faa en sinergia con el silicio para formar una pel\u00edcula resistente y superhidrof\u00f3bica con un tiempo de curado [&hellip;]","og_url":"https:\/\/detaildepot.ar\/?product=sinergy-paint-500ml","og_site_name":"Detail Depot | Tienda de insumos para detail","article_modified_time":"2026-04-27T03:00:25+00:00","og_image":[{"width":1024,"height":1024,"url":"https:\/\/detaildepot.ar\/wp-content\/uploads\/2025\/08\/4.png","type":"image\/png"}],"twitter_card":"summary_large_image","twitter_misc":{"Tiempo de lectura":"1 minuto"},"schema":{"@context":"https:\/\/schema.org","@graph":[{"@type":"WebPage","@id":"https:\/\/detaildepot.ar\/?product=sinergy-paint-500ml","url":"https:\/\/detaildepot.ar\/?product=sinergy-paint-500ml","name":"SINERGY PAINT 500ML - Detail Depot | Tienda de insumos para detail","isPartOf":{"@id":"https:\/\/detaildepot.ar\/#website"},"primaryImageOfPage":{"@id":"https:\/\/detaildepot.ar\/?product=sinergy-paint-500ml#primaryimage"},"image":{"@id":"https:\/\/detaildepot.ar\/?product=sinergy-paint-500ml#primaryimage"},"thumbnailUrl":"https:\/\/detaildepot.ar\/wp-content\/uploads\/2025\/08\/4.png","datePublished":"2025-08-30T04:19:50+00:00","dateModified":"2026-04-27T03:00:25+00:00","breadcrumb":{"@id":"https:\/\/detaildepot.ar\/?product=sinergy-paint-500ml#breadcrumb"},"inLanguage":"es-AR","potentialAction":[{"@type":"ReadAction","target":["https:\/\/detaildepot.ar\/?product=sinergy-paint-500ml"]}]},{"@type":"ImageObject","inLanguage":"es-AR","@id":"https:\/\/detaildepot.ar\/?product=sinergy-paint-500ml#primaryimage","url":"https:\/\/detaildepot.ar\/wp-content\/uploads\/2025\/08\/4.png","contentUrl":"https:\/\/detaildepot.ar\/wp-content\/uploads\/2025\/08\/4.png","width":1024,"height":1024},{"@type":"BreadcrumbList","@id":"https:\/\/detaildepot.ar\/?product=sinergy-paint-500ml#breadcrumb","itemListElement":[{"@type":"ListItem","position":1,"name":"Inicio","item":"https:\/\/detaildepot.ar\/"},{"@type":"ListItem","position":2,"name":"Tienda","item":"https:\/\/detaildepot.ar\/"},{"@type":"ListItem","position":3,"name":"SINERGY PAINT 500ML"}]},{"@type":"WebSite","@id":"https:\/\/detaildepot.ar\/#website","url":"https:\/\/detaildepot.ar\/","name":"Detail Depot | Tienda de insumos para detail","description":"","publisher":{"@id":"https:\/\/detaildepot.ar\/#organization"},"potentialAction":[{"@type":"SearchAction","target":{"@type":"EntryPoint","urlTemplate":"https:\/\/detaildepot.ar\/?s={search_term_string}"},"query-input":{"@type":"PropertyValueSpecification","valueRequired":true,"valueName":"search_term_string"}}],"inLanguage":"es-AR"},{"@type":"Organization","@id":"https:\/\/detaildepot.ar\/#organization","name":"Detail Depot | Tienda de insumos para detail","url":"https:\/\/detaildepot.ar\/","logo":{"@type":"ImageObject","inLanguage":"es-AR","@id":"https:\/\/detaildepot.ar\/#\/schema\/logo\/image\/","url":"https:\/\/detaildepot.ar\/wp-content\/uploads\/2026\/03\/652187CB-8631-49B2-8296-13AA835CEAD2.png","contentUrl":"https:\/\/detaildepot.ar\/wp-content\/uploads\/2026\/03\/652187CB-8631-49B2-8296-13AA835CEAD2.png","width":1024,"height":1024,"caption":"Detail Depot | Tienda de insumos para detail"},"image":{"@id":"https:\/\/detaildepot.ar\/#\/schema\/logo\/image\/"}}]}},"jetpack_sharing_enabled":true,"_links":{"self":[{"href":"https:\/\/detaildepot.ar\/index.php?rest_route=\/wp\/v2\/product\/885","targetHints":{"allow":["GET"]}}],"collection":[{"href":"https:\/\/detaildepot.ar\/index.php?rest_route=\/wp\/v2\/product"}],"about":[{"href":"https:\/\/detaildepot.ar\/index.php?rest_route=\/wp\/v2\/types\/product"}],"replies":[{"embeddable":true,"href":"https:\/\/detaildepot.ar\/index.php?rest_route=%2Fwp%2Fv2%2Fcomments&post=885"}],"version-history":[{"count":3,"href":"https:\/\/detaildepot.ar\/index.php?rest_route=\/wp\/v2\/product\/885\/revisions"}],"predecessor-version":[{"id":1961,"href":"https:\/\/detaildepot.ar\/index.php?rest_route=\/wp\/v2\/product\/885\/revisions\/1961"}],"wp:featuredmedia":[{"embeddable":true,"href":"https:\/\/detaildepot.ar\/index.php?rest_route=\/wp\/v2\/media\/886"}],"wp:attachment":[{"href":"https:\/\/detaildepot.ar\/index.php?rest_route=%2Fwp%2Fv2%2Fmedia&parent=885"}],"wp:term":[{"taxonomy":"product_brand","embeddable":true,"href":"https:\/\/detaildepot.ar\/index.php?rest_route=%2Fwp%2Fv2%2Fproduct_brand&post=885"},{"taxonomy":"product_cat","embeddable":true,"href":"https:\/\/detaildepot.ar\/index.php?rest_route=%2Fwp%2Fv2%2Fproduct_cat&post=885"},{"taxonomy":"product_tag","embeddable":true,"href":"https:\/\/detaildepot.ar\/index.php?rest_route=%2Fwp%2Fv2%2Fproduct_tag&post=885"}],"curies":[{"name":"wp","href":"https:\/\/api.w.org\/{rel}","templated":true}]}}