{"id":832,"date":"2025-08-30T02:56:55","date_gmt":"2025-08-30T02:56:55","guid":{"rendered":"https:\/\/detaildepot.ar\/?post_type=product&#038;p=832"},"modified":"2025-11-10T22:49:05","modified_gmt":"2025-11-11T01:49:05","slug":"sonax-xtreme-ceramic-ultra-slick-detailer-750-ml","status":"publish","type":"product","link":"https:\/\/detaildepot.ar\/?product=sonax-xtreme-ceramic-ultra-slick-detailer-750-ml","title":{"rendered":"SONAX XTREME CERAMIC ULTRA SLICK DETAILER 750ML"},"content":{"rendered":"<p>SONAX XTREME Ceramic ultra slick detailer deja la pintura lisa en un abrir y cerrar de ojos y le da un brillo reluciente. La suciedad ligera de la superficie, como el polvo, las huellas dactilares, etc., puede eliminarse r\u00e1pidamente y sin dejar rayas. Renueva los sellados cer\u00e1micos existentes y deja un efecto repelente al agua. Tambi\u00e9n es adecuado para pinturas mates y todos los veh\u00edculos y superficies cubiertos total o parcialmente con l\u00e1mina.<\/p>\n","protected":false},"excerpt":{"rendered":"<p>SONAX XTREME Ceramic ultra slick detailer deja la pintura lisa en un abrir y cerrar de ojos y le da un brillo reluciente. La suciedad ligera de la superficie, como el polvo, las huellas dactilares, etc., puede eliminarse r\u00e1pidamente y sin dejar rayas. Renueva los sellados cer\u00e1micos existentes y deja un efecto repelente al agua. [&hellip;]<\/p>\n","protected":false},"featured_media":711,"comment_status":"open","ping_status":"closed","template":"","meta":[],"product_brand":[60],"product_cat":[41],"product_tag":[42,31,58,33],"class_list":{"0":"post-832","1":"product","2":"type-product","3":"status-publish","4":"has-post-thumbnail","6":"product_brand-sonax","7":"product_cat-boosters","8":"product_tag-booster","9":"product_tag-ceramico","10":"product_tag-sonax","11":"product_tag-spray","13":"first","14":"instock","15":"shipping-taxable","16":"purchasable","17":"product-type-simple"},"yoast_head":"<!-- This site is optimized with the Yoast SEO plugin v27.4 - https:\/\/yoast.com\/product\/yoast-seo-wordpress\/ -->\n<title>SONAX XTREME CERAMIC ULTRA SLICK DETAILER 750ML - Detail Depot | Tienda de insumos para detail<\/title>\n<meta name=\"robots\" content=\"index, follow, max-snippet:-1, max-image-preview:large, max-video-preview:-1\" \/>\n<link rel=\"canonical\" href=\"https:\/\/detaildepot.ar\/?product=sonax-xtreme-ceramic-ultra-slick-detailer-750-ml\" \/>\n<meta property=\"og:locale\" content=\"es_ES\" \/>\n<meta property=\"og:type\" content=\"article\" \/>\n<meta property=\"og:title\" content=\"SONAX XTREME CERAMIC ULTRA SLICK DETAILER 750ML - Detail Depot | Tienda de insumos para detail\" \/>\n<meta property=\"og:description\" content=\"SONAX XTREME Ceramic ultra slick detailer deja la pintura lisa en un abrir y cerrar de ojos y le da un brillo reluciente. La suciedad ligera de la superficie, como el polvo, las huellas dactilares, etc., puede eliminarse r\u00e1pidamente y sin dejar rayas. Renueva los sellados cer\u00e1micos existentes y deja un efecto repelente al agua. [&hellip;]\" \/>\n<meta property=\"og:url\" content=\"https:\/\/detaildepot.ar\/?product=sonax-xtreme-ceramic-ultra-slick-detailer-750-ml\" \/>\n<meta property=\"og:site_name\" content=\"Detail Depot | Tienda de insumos para detail\" \/>\n<meta property=\"article:modified_time\" content=\"2025-11-11T01:49:05+00:00\" \/>\n<meta property=\"og:image\" content=\"https:\/\/detaildepot.ar\/wp-content\/uploads\/2025\/08\/sonax_ceramicspray.png\" \/>\n\t<meta property=\"og:image:width\" content=\"1024\" \/>\n\t<meta property=\"og:image:height\" content=\"1024\" \/>\n\t<meta property=\"og:image:type\" content=\"image\/png\" \/>\n<meta name=\"twitter:card\" content=\"summary_large_image\" \/>\n<meta name=\"twitter:label1\" content=\"Tiempo de lectura\" \/>\n\t<meta name=\"twitter:data1\" content=\"1 minuto\" \/>\n<script type=\"application\/ld+json\" class=\"yoast-schema-graph\">{\"@context\":\"https:\\\/\\\/schema.org\",\"@graph\":[{\"@type\":\"WebPage\",\"@id\":\"https:\\\/\\\/detaildepot.ar\\\/?product=sonax-xtreme-ceramic-ultra-slick-detailer-750-ml\",\"url\":\"https:\\\/\\\/detaildepot.ar\\\/?product=sonax-xtreme-ceramic-ultra-slick-detailer-750-ml\",\"name\":\"SONAX XTREME CERAMIC ULTRA SLICK DETAILER 750ML - Detail Depot | Tienda de insumos para detail\",\"isPartOf\":{\"@id\":\"https:\\\/\\\/detaildepot.ar\\\/#website\"},\"primaryImageOfPage\":{\"@id\":\"https:\\\/\\\/detaildepot.ar\\\/?product=sonax-xtreme-ceramic-ultra-slick-detailer-750-ml#primaryimage\"},\"image\":{\"@id\":\"https:\\\/\\\/detaildepot.ar\\\/?product=sonax-xtreme-ceramic-ultra-slick-detailer-750-ml#primaryimage\"},\"thumbnailUrl\":\"https:\\\/\\\/detaildepot.ar\\\/wp-content\\\/uploads\\\/2025\\\/08\\\/sonax_ceramicspray.png\",\"datePublished\":\"2025-08-30T02:56:55+00:00\",\"dateModified\":\"2025-11-11T01:49:05+00:00\",\"breadcrumb\":{\"@id\":\"https:\\\/\\\/detaildepot.ar\\\/?product=sonax-xtreme-ceramic-ultra-slick-detailer-750-ml#breadcrumb\"},\"inLanguage\":\"es-AR\",\"potentialAction\":[{\"@type\":\"ReadAction\",\"target\":[\"https:\\\/\\\/detaildepot.ar\\\/?product=sonax-xtreme-ceramic-ultra-slick-detailer-750-ml\"]}]},{\"@type\":\"ImageObject\",\"inLanguage\":\"es-AR\",\"@id\":\"https:\\\/\\\/detaildepot.ar\\\/?product=sonax-xtreme-ceramic-ultra-slick-detailer-750-ml#primaryimage\",\"url\":\"https:\\\/\\\/detaildepot.ar\\\/wp-content\\\/uploads\\\/2025\\\/08\\\/sonax_ceramicspray.png\",\"contentUrl\":\"https:\\\/\\\/detaildepot.ar\\\/wp-content\\\/uploads\\\/2025\\\/08\\\/sonax_ceramicspray.png\",\"width\":1024,\"height\":1024},{\"@type\":\"BreadcrumbList\",\"@id\":\"https:\\\/\\\/detaildepot.ar\\\/?product=sonax-xtreme-ceramic-ultra-slick-detailer-750-ml#breadcrumb\",\"itemListElement\":[{\"@type\":\"ListItem\",\"position\":1,\"name\":\"Inicio\",\"item\":\"https:\\\/\\\/detaildepot.ar\\\/\"},{\"@type\":\"ListItem\",\"position\":2,\"name\":\"Tienda\",\"item\":\"https:\\\/\\\/detaildepot.ar\\\/\"},{\"@type\":\"ListItem\",\"position\":3,\"name\":\"SONAX XTREME CERAMIC ULTRA SLICK DETAILER 750ML\"}]},{\"@type\":\"WebSite\",\"@id\":\"https:\\\/\\\/detaildepot.ar\\\/#website\",\"url\":\"https:\\\/\\\/detaildepot.ar\\\/\",\"name\":\"Detail Depot | Tienda de insumos para detail\",\"description\":\"\",\"publisher\":{\"@id\":\"https:\\\/\\\/detaildepot.ar\\\/#organization\"},\"potentialAction\":[{\"@type\":\"SearchAction\",\"target\":{\"@type\":\"EntryPoint\",\"urlTemplate\":\"https:\\\/\\\/detaildepot.ar\\\/?s={search_term_string}\"},\"query-input\":{\"@type\":\"PropertyValueSpecification\",\"valueRequired\":true,\"valueName\":\"search_term_string\"}}],\"inLanguage\":\"es-AR\"},{\"@type\":\"Organization\",\"@id\":\"https:\\\/\\\/detaildepot.ar\\\/#organization\",\"name\":\"Detail Depot | Tienda de insumos para detail\",\"url\":\"https:\\\/\\\/detaildepot.ar\\\/\",\"logo\":{\"@type\":\"ImageObject\",\"inLanguage\":\"es-AR\",\"@id\":\"https:\\\/\\\/detaildepot.ar\\\/#\\\/schema\\\/logo\\\/image\\\/\",\"url\":\"https:\\\/\\\/detaildepot.ar\\\/wp-content\\\/uploads\\\/2026\\\/03\\\/652187CB-8631-49B2-8296-13AA835CEAD2.png\",\"contentUrl\":\"https:\\\/\\\/detaildepot.ar\\\/wp-content\\\/uploads\\\/2026\\\/03\\\/652187CB-8631-49B2-8296-13AA835CEAD2.png\",\"width\":1024,\"height\":1024,\"caption\":\"Detail Depot | Tienda de insumos para detail\"},\"image\":{\"@id\":\"https:\\\/\\\/detaildepot.ar\\\/#\\\/schema\\\/logo\\\/image\\\/\"}}]}<\/script>\n<!-- \/ Yoast SEO plugin. -->","yoast_head_json":{"title":"SONAX XTREME CERAMIC ULTRA SLICK DETAILER 750ML - Detail Depot | Tienda de insumos para detail","robots":{"index":"index","follow":"follow","max-snippet":"max-snippet:-1","max-image-preview":"max-image-preview:large","max-video-preview":"max-video-preview:-1"},"canonical":"https:\/\/detaildepot.ar\/?product=sonax-xtreme-ceramic-ultra-slick-detailer-750-ml","og_locale":"es_ES","og_type":"article","og_title":"SONAX XTREME CERAMIC ULTRA SLICK DETAILER 750ML - Detail Depot | Tienda de insumos para detail","og_description":"SONAX XTREME Ceramic ultra slick detailer deja la pintura lisa en un abrir y cerrar de ojos y le da un brillo reluciente. La suciedad ligera de la superficie, como el polvo, las huellas dactilares, etc., puede eliminarse r\u00e1pidamente y sin dejar rayas. Renueva los sellados cer\u00e1micos existentes y deja un efecto repelente al agua. [&hellip;]","og_url":"https:\/\/detaildepot.ar\/?product=sonax-xtreme-ceramic-ultra-slick-detailer-750-ml","og_site_name":"Detail Depot | Tienda de insumos para detail","article_modified_time":"2025-11-11T01:49:05+00:00","og_image":[{"width":1024,"height":1024,"url":"https:\/\/detaildepot.ar\/wp-content\/uploads\/2025\/08\/sonax_ceramicspray.png","type":"image\/png"}],"twitter_card":"summary_large_image","twitter_misc":{"Tiempo de lectura":"1 minuto"},"schema":{"@context":"https:\/\/schema.org","@graph":[{"@type":"WebPage","@id":"https:\/\/detaildepot.ar\/?product=sonax-xtreme-ceramic-ultra-slick-detailer-750-ml","url":"https:\/\/detaildepot.ar\/?product=sonax-xtreme-ceramic-ultra-slick-detailer-750-ml","name":"SONAX XTREME CERAMIC ULTRA SLICK DETAILER 750ML - Detail Depot | Tienda de insumos para detail","isPartOf":{"@id":"https:\/\/detaildepot.ar\/#website"},"primaryImageOfPage":{"@id":"https:\/\/detaildepot.ar\/?product=sonax-xtreme-ceramic-ultra-slick-detailer-750-ml#primaryimage"},"image":{"@id":"https:\/\/detaildepot.ar\/?product=sonax-xtreme-ceramic-ultra-slick-detailer-750-ml#primaryimage"},"thumbnailUrl":"https:\/\/detaildepot.ar\/wp-content\/uploads\/2025\/08\/sonax_ceramicspray.png","datePublished":"2025-08-30T02:56:55+00:00","dateModified":"2025-11-11T01:49:05+00:00","breadcrumb":{"@id":"https:\/\/detaildepot.ar\/?product=sonax-xtreme-ceramic-ultra-slick-detailer-750-ml#breadcrumb"},"inLanguage":"es-AR","potentialAction":[{"@type":"ReadAction","target":["https:\/\/detaildepot.ar\/?product=sonax-xtreme-ceramic-ultra-slick-detailer-750-ml"]}]},{"@type":"ImageObject","inLanguage":"es-AR","@id":"https:\/\/detaildepot.ar\/?product=sonax-xtreme-ceramic-ultra-slick-detailer-750-ml#primaryimage","url":"https:\/\/detaildepot.ar\/wp-content\/uploads\/2025\/08\/sonax_ceramicspray.png","contentUrl":"https:\/\/detaildepot.ar\/wp-content\/uploads\/2025\/08\/sonax_ceramicspray.png","width":1024,"height":1024},{"@type":"BreadcrumbList","@id":"https:\/\/detaildepot.ar\/?product=sonax-xtreme-ceramic-ultra-slick-detailer-750-ml#breadcrumb","itemListElement":[{"@type":"ListItem","position":1,"name":"Inicio","item":"https:\/\/detaildepot.ar\/"},{"@type":"ListItem","position":2,"name":"Tienda","item":"https:\/\/detaildepot.ar\/"},{"@type":"ListItem","position":3,"name":"SONAX XTREME CERAMIC ULTRA SLICK DETAILER 750ML"}]},{"@type":"WebSite","@id":"https:\/\/detaildepot.ar\/#website","url":"https:\/\/detaildepot.ar\/","name":"Detail Depot | Tienda de insumos para detail","description":"","publisher":{"@id":"https:\/\/detaildepot.ar\/#organization"},"potentialAction":[{"@type":"SearchAction","target":{"@type":"EntryPoint","urlTemplate":"https:\/\/detaildepot.ar\/?s={search_term_string}"},"query-input":{"@type":"PropertyValueSpecification","valueRequired":true,"valueName":"search_term_string"}}],"inLanguage":"es-AR"},{"@type":"Organization","@id":"https:\/\/detaildepot.ar\/#organization","name":"Detail Depot | Tienda de insumos para detail","url":"https:\/\/detaildepot.ar\/","logo":{"@type":"ImageObject","inLanguage":"es-AR","@id":"https:\/\/detaildepot.ar\/#\/schema\/logo\/image\/","url":"https:\/\/detaildepot.ar\/wp-content\/uploads\/2026\/03\/652187CB-8631-49B2-8296-13AA835CEAD2.png","contentUrl":"https:\/\/detaildepot.ar\/wp-content\/uploads\/2026\/03\/652187CB-8631-49B2-8296-13AA835CEAD2.png","width":1024,"height":1024,"caption":"Detail Depot | Tienda de insumos para detail"},"image":{"@id":"https:\/\/detaildepot.ar\/#\/schema\/logo\/image\/"}}]}},"jetpack_sharing_enabled":true,"_links":{"self":[{"href":"https:\/\/detaildepot.ar\/index.php?rest_route=\/wp\/v2\/product\/832","targetHints":{"allow":["GET"]}}],"collection":[{"href":"https:\/\/detaildepot.ar\/index.php?rest_route=\/wp\/v2\/product"}],"about":[{"href":"https:\/\/detaildepot.ar\/index.php?rest_route=\/wp\/v2\/types\/product"}],"replies":[{"embeddable":true,"href":"https:\/\/detaildepot.ar\/index.php?rest_route=%2Fwp%2Fv2%2Fcomments&post=832"}],"version-history":[{"count":4,"href":"https:\/\/detaildepot.ar\/index.php?rest_route=\/wp\/v2\/product\/832\/revisions"}],"predecessor-version":[{"id":1679,"href":"https:\/\/detaildepot.ar\/index.php?rest_route=\/wp\/v2\/product\/832\/revisions\/1679"}],"wp:featuredmedia":[{"embeddable":true,"href":"https:\/\/detaildepot.ar\/index.php?rest_route=\/wp\/v2\/media\/711"}],"wp:attachment":[{"href":"https:\/\/detaildepot.ar\/index.php?rest_route=%2Fwp%2Fv2%2Fmedia&parent=832"}],"wp:term":[{"taxonomy":"product_brand","embeddable":true,"href":"https:\/\/detaildepot.ar\/index.php?rest_route=%2Fwp%2Fv2%2Fproduct_brand&post=832"},{"taxonomy":"product_cat","embeddable":true,"href":"https:\/\/detaildepot.ar\/index.php?rest_route=%2Fwp%2Fv2%2Fproduct_cat&post=832"},{"taxonomy":"product_tag","embeddable":true,"href":"https:\/\/detaildepot.ar\/index.php?rest_route=%2Fwp%2Fv2%2Fproduct_tag&post=832"}],"curies":[{"name":"wp","href":"https:\/\/api.w.org\/{rel}","templated":true}]}}