{"id":2081,"date":"2026-04-28T01:40:00","date_gmt":"2026-04-28T04:40:00","guid":{"rendered":"https:\/\/detaildepot.ar\/?post_type=product&#038;p=2081"},"modified":"2026-04-28T01:40:00","modified_gmt":"2026-04-28T04:40:00","slug":"pulidora-rotoorbital-3-spta","status":"publish","type":"product","link":"https:\/\/detaildepot.ar\/?product=pulidora-rotoorbital-3-spta","title":{"rendered":"PULIDORA ROTOORBITAL 3&#8221; SPTA"},"content":{"rendered":"<p>La pulidora roto orbital SPTA DA780S3 de 780W es una herramienta dise\u00f1ada para realizar trabajos de pulido y abrillantado en diversas superficies.<\/p>\n<p>Equipada con un motor potente de 780W, proporciona suficiente potencia para realizar trabajos de pulido eficientes y r\u00e1pidos.<\/p>\n<p>La pulidora el\u00e9ctrica SPTA DA780S3 de 780W es una opci\u00f3n vers\u00e1til para usuarios que requieren realizar trabajos de pulido y abrillantado con eficiencia y precisi\u00f3n en una variedad de superficies y materiales.<\/p>\n<p>Caracter\u00edsticas \u00fanicas<br \/>\nEl cuerpo est\u00e1 hecho de pl\u00e1stico importado, lo que permite al operador usarlo con mayor suavidad, al tiempo que reduce la sensaci\u00f3n de vibraci\u00f3n, dise\u00f1o pr\u00e1ctico, bajo nivel de ruido y baja vibraci\u00f3n.<\/p>\n<p>Pulidora de doble acci\u00f3n<br \/>\nViene con acci\u00f3n de pulido\/lijado de \u00f3rbita aleatoria, sin remolinos, que puede reducir el da\u00f1o de las marcas de quemaduras y hologramas de las pistas de la m\u00e1quina. Es diferente de las pulidoras normales o las m\u00e1quinas rotativas y es perfecta para pulir, encerar y eliminar remolinos.<\/p>\n<p>Interruptor fijo:<br \/>\nHay un interruptor fijo elevado cuadrado en el costado del fuselaje, que puede fijar el interruptor en la posici\u00f3n abierta, lo que permite al operador operar con mayor suavidad sin estar restringido por el interruptor.<\/p>\n<p>Ajuste de 6 velocidades:<br \/>\nVelocidad ajustable de 1 a 6 velocidades, seg\u00fan la selecci\u00f3n de velocidad para diferentes condiciones de trabajo, lo que permite un pulido diferenciado m\u00e1s eficiente. Con arranque suave y energ\u00eda cin\u00e9tica, una capa adicional de protecci\u00f3n evita salpicaduras de cera al arrancar.<\/p>\n<p>El fuselaje incluye una tabla comparativa de la velocidad de cada engranaje para que el operador pueda comprenderla de inmediato. La velocidad total var\u00eda de 100 rpm a 5500 rpm, con ajuste en tiempo real y una potente potencia, manteniendo siempre una velocidad constante.<\/p>\n","protected":false},"excerpt":{"rendered":"<p>La pulidora roto orbital SPTA DA780S3 de 780W es una herramienta dise\u00f1ada para realizar trabajos de pulido y abrillantado en diversas superficies. Equipada con un motor potente de 780W, proporciona suficiente potencia para realizar trabajos de pulido eficientes y r\u00e1pidos. La pulidora el\u00e9ctrica SPTA DA780S3 de 780W es una opci\u00f3n vers\u00e1til para usuarios que requieren [&hellip;]<\/p>\n","protected":false},"featured_media":2069,"comment_status":"open","ping_status":"closed","template":"","meta":[],"product_brand":[227],"product_cat":[16],"product_tag":[143,17,18,201],"class_list":{"0":"post-2081","1":"product","2":"type-product","3":"status-publish","4":"has-post-thumbnail","6":"product_brand-spta","7":"product_cat-pulidoras","8":"product_tag-3-pulgadas","9":"product_tag-pulidora","10":"product_tag-rotoorbital","11":"product_tag-spta","13":"first","14":"instock","15":"shipping-taxable","16":"purchasable","17":"product-type-simple"},"yoast_head":"<!-- This site is optimized with the Yoast SEO plugin v27.4 - https:\/\/yoast.com\/product\/yoast-seo-wordpress\/ -->\n<title>PULIDORA ROTOORBITAL 3&#039;&#039; SPTA - Detail Depot | Tienda de insumos para detail<\/title>\n<meta name=\"robots\" content=\"index, follow, max-snippet:-1, max-image-preview:large, max-video-preview:-1\" \/>\n<link rel=\"canonical\" href=\"https:\/\/detaildepot.ar\/?product=pulidora-rotoorbital-3-spta\" \/>\n<meta property=\"og:locale\" content=\"es_ES\" \/>\n<meta property=\"og:type\" content=\"article\" \/>\n<meta property=\"og:title\" content=\"PULIDORA ROTOORBITAL 3&#039;&#039; SPTA - Detail Depot | Tienda de insumos para detail\" \/>\n<meta property=\"og:description\" content=\"La pulidora roto orbital SPTA DA780S3 de 780W es una herramienta dise\u00f1ada para realizar trabajos de pulido y abrillantado en diversas superficies. Equipada con un motor potente de 780W, proporciona suficiente potencia para realizar trabajos de pulido eficientes y r\u00e1pidos. La pulidora el\u00e9ctrica SPTA DA780S3 de 780W es una opci\u00f3n vers\u00e1til para usuarios que requieren [&hellip;]\" \/>\n<meta property=\"og:url\" content=\"https:\/\/detaildepot.ar\/?product=pulidora-rotoorbital-3-spta\" \/>\n<meta property=\"og:site_name\" content=\"Detail Depot | Tienda de insumos para detail\" \/>\n<meta property=\"og:image\" content=\"https:\/\/detaildepot.ar\/wp-content\/uploads\/2026\/04\/7-1.png\" \/>\n\t<meta property=\"og:image:width\" content=\"1024\" \/>\n\t<meta property=\"og:image:height\" content=\"1024\" \/>\n\t<meta property=\"og:image:type\" content=\"image\/png\" \/>\n<meta name=\"twitter:card\" content=\"summary_large_image\" \/>\n<meta name=\"twitter:label1\" content=\"Tiempo de lectura\" \/>\n\t<meta name=\"twitter:data1\" content=\"2 minutos\" \/>\n<script type=\"application\/ld+json\" class=\"yoast-schema-graph\">{\"@context\":\"https:\\\/\\\/schema.org\",\"@graph\":[{\"@type\":\"WebPage\",\"@id\":\"https:\\\/\\\/detaildepot.ar\\\/?product=pulidora-rotoorbital-3-spta\",\"url\":\"https:\\\/\\\/detaildepot.ar\\\/?product=pulidora-rotoorbital-3-spta\",\"name\":\"PULIDORA ROTOORBITAL 3'' SPTA - Detail Depot | Tienda de insumos para detail\",\"isPartOf\":{\"@id\":\"https:\\\/\\\/detaildepot.ar\\\/#website\"},\"primaryImageOfPage\":{\"@id\":\"https:\\\/\\\/detaildepot.ar\\\/?product=pulidora-rotoorbital-3-spta#primaryimage\"},\"image\":{\"@id\":\"https:\\\/\\\/detaildepot.ar\\\/?product=pulidora-rotoorbital-3-spta#primaryimage\"},\"thumbnailUrl\":\"https:\\\/\\\/detaildepot.ar\\\/wp-content\\\/uploads\\\/2026\\\/04\\\/7-1.png\",\"datePublished\":\"2026-04-28T04:40:00+00:00\",\"breadcrumb\":{\"@id\":\"https:\\\/\\\/detaildepot.ar\\\/?product=pulidora-rotoorbital-3-spta#breadcrumb\"},\"inLanguage\":\"es-AR\",\"potentialAction\":[{\"@type\":\"ReadAction\",\"target\":[\"https:\\\/\\\/detaildepot.ar\\\/?product=pulidora-rotoorbital-3-spta\"]}]},{\"@type\":\"ImageObject\",\"inLanguage\":\"es-AR\",\"@id\":\"https:\\\/\\\/detaildepot.ar\\\/?product=pulidora-rotoorbital-3-spta#primaryimage\",\"url\":\"https:\\\/\\\/detaildepot.ar\\\/wp-content\\\/uploads\\\/2026\\\/04\\\/7-1.png\",\"contentUrl\":\"https:\\\/\\\/detaildepot.ar\\\/wp-content\\\/uploads\\\/2026\\\/04\\\/7-1.png\",\"width\":1024,\"height\":1024},{\"@type\":\"BreadcrumbList\",\"@id\":\"https:\\\/\\\/detaildepot.ar\\\/?product=pulidora-rotoorbital-3-spta#breadcrumb\",\"itemListElement\":[{\"@type\":\"ListItem\",\"position\":1,\"name\":\"Inicio\",\"item\":\"https:\\\/\\\/detaildepot.ar\\\/\"},{\"@type\":\"ListItem\",\"position\":2,\"name\":\"Tienda\",\"item\":\"https:\\\/\\\/detaildepot.ar\\\/\"},{\"@type\":\"ListItem\",\"position\":3,\"name\":\"PULIDORA ROTOORBITAL 3&#8221; SPTA\"}]},{\"@type\":\"WebSite\",\"@id\":\"https:\\\/\\\/detaildepot.ar\\\/#website\",\"url\":\"https:\\\/\\\/detaildepot.ar\\\/\",\"name\":\"Detail Depot | Tienda de insumos para detail\",\"description\":\"\",\"publisher\":{\"@id\":\"https:\\\/\\\/detaildepot.ar\\\/#organization\"},\"potentialAction\":[{\"@type\":\"SearchAction\",\"target\":{\"@type\":\"EntryPoint\",\"urlTemplate\":\"https:\\\/\\\/detaildepot.ar\\\/?s={search_term_string}\"},\"query-input\":{\"@type\":\"PropertyValueSpecification\",\"valueRequired\":true,\"valueName\":\"search_term_string\"}}],\"inLanguage\":\"es-AR\"},{\"@type\":\"Organization\",\"@id\":\"https:\\\/\\\/detaildepot.ar\\\/#organization\",\"name\":\"Detail Depot | Tienda de insumos para detail\",\"url\":\"https:\\\/\\\/detaildepot.ar\\\/\",\"logo\":{\"@type\":\"ImageObject\",\"inLanguage\":\"es-AR\",\"@id\":\"https:\\\/\\\/detaildepot.ar\\\/#\\\/schema\\\/logo\\\/image\\\/\",\"url\":\"https:\\\/\\\/detaildepot.ar\\\/wp-content\\\/uploads\\\/2026\\\/03\\\/652187CB-8631-49B2-8296-13AA835CEAD2.png\",\"contentUrl\":\"https:\\\/\\\/detaildepot.ar\\\/wp-content\\\/uploads\\\/2026\\\/03\\\/652187CB-8631-49B2-8296-13AA835CEAD2.png\",\"width\":1024,\"height\":1024,\"caption\":\"Detail Depot | Tienda de insumos para detail\"},\"image\":{\"@id\":\"https:\\\/\\\/detaildepot.ar\\\/#\\\/schema\\\/logo\\\/image\\\/\"}}]}<\/script>\n<!-- \/ Yoast SEO plugin. -->","yoast_head_json":{"title":"PULIDORA ROTOORBITAL 3'' SPTA - Detail Depot | Tienda de insumos para detail","robots":{"index":"index","follow":"follow","max-snippet":"max-snippet:-1","max-image-preview":"max-image-preview:large","max-video-preview":"max-video-preview:-1"},"canonical":"https:\/\/detaildepot.ar\/?product=pulidora-rotoorbital-3-spta","og_locale":"es_ES","og_type":"article","og_title":"PULIDORA ROTOORBITAL 3'' SPTA - Detail Depot | Tienda de insumos para detail","og_description":"La pulidora roto orbital SPTA DA780S3 de 780W es una herramienta dise\u00f1ada para realizar trabajos de pulido y abrillantado en diversas superficies. Equipada con un motor potente de 780W, proporciona suficiente potencia para realizar trabajos de pulido eficientes y r\u00e1pidos. La pulidora el\u00e9ctrica SPTA DA780S3 de 780W es una opci\u00f3n vers\u00e1til para usuarios que requieren [&hellip;]","og_url":"https:\/\/detaildepot.ar\/?product=pulidora-rotoorbital-3-spta","og_site_name":"Detail Depot | Tienda de insumos para detail","og_image":[{"width":1024,"height":1024,"url":"https:\/\/detaildepot.ar\/wp-content\/uploads\/2026\/04\/7-1.png","type":"image\/png"}],"twitter_card":"summary_large_image","twitter_misc":{"Tiempo de lectura":"2 minutos"},"schema":{"@context":"https:\/\/schema.org","@graph":[{"@type":"WebPage","@id":"https:\/\/detaildepot.ar\/?product=pulidora-rotoorbital-3-spta","url":"https:\/\/detaildepot.ar\/?product=pulidora-rotoorbital-3-spta","name":"PULIDORA ROTOORBITAL 3'' SPTA - Detail Depot | Tienda de insumos para detail","isPartOf":{"@id":"https:\/\/detaildepot.ar\/#website"},"primaryImageOfPage":{"@id":"https:\/\/detaildepot.ar\/?product=pulidora-rotoorbital-3-spta#primaryimage"},"image":{"@id":"https:\/\/detaildepot.ar\/?product=pulidora-rotoorbital-3-spta#primaryimage"},"thumbnailUrl":"https:\/\/detaildepot.ar\/wp-content\/uploads\/2026\/04\/7-1.png","datePublished":"2026-04-28T04:40:00+00:00","breadcrumb":{"@id":"https:\/\/detaildepot.ar\/?product=pulidora-rotoorbital-3-spta#breadcrumb"},"inLanguage":"es-AR","potentialAction":[{"@type":"ReadAction","target":["https:\/\/detaildepot.ar\/?product=pulidora-rotoorbital-3-spta"]}]},{"@type":"ImageObject","inLanguage":"es-AR","@id":"https:\/\/detaildepot.ar\/?product=pulidora-rotoorbital-3-spta#primaryimage","url":"https:\/\/detaildepot.ar\/wp-content\/uploads\/2026\/04\/7-1.png","contentUrl":"https:\/\/detaildepot.ar\/wp-content\/uploads\/2026\/04\/7-1.png","width":1024,"height":1024},{"@type":"BreadcrumbList","@id":"https:\/\/detaildepot.ar\/?product=pulidora-rotoorbital-3-spta#breadcrumb","itemListElement":[{"@type":"ListItem","position":1,"name":"Inicio","item":"https:\/\/detaildepot.ar\/"},{"@type":"ListItem","position":2,"name":"Tienda","item":"https:\/\/detaildepot.ar\/"},{"@type":"ListItem","position":3,"name":"PULIDORA ROTOORBITAL 3&#8221; SPTA"}]},{"@type":"WebSite","@id":"https:\/\/detaildepot.ar\/#website","url":"https:\/\/detaildepot.ar\/","name":"Detail Depot | Tienda de insumos para detail","description":"","publisher":{"@id":"https:\/\/detaildepot.ar\/#organization"},"potentialAction":[{"@type":"SearchAction","target":{"@type":"EntryPoint","urlTemplate":"https:\/\/detaildepot.ar\/?s={search_term_string}"},"query-input":{"@type":"PropertyValueSpecification","valueRequired":true,"valueName":"search_term_string"}}],"inLanguage":"es-AR"},{"@type":"Organization","@id":"https:\/\/detaildepot.ar\/#organization","name":"Detail Depot | Tienda de insumos para detail","url":"https:\/\/detaildepot.ar\/","logo":{"@type":"ImageObject","inLanguage":"es-AR","@id":"https:\/\/detaildepot.ar\/#\/schema\/logo\/image\/","url":"https:\/\/detaildepot.ar\/wp-content\/uploads\/2026\/03\/652187CB-8631-49B2-8296-13AA835CEAD2.png","contentUrl":"https:\/\/detaildepot.ar\/wp-content\/uploads\/2026\/03\/652187CB-8631-49B2-8296-13AA835CEAD2.png","width":1024,"height":1024,"caption":"Detail Depot | Tienda de insumos para detail"},"image":{"@id":"https:\/\/detaildepot.ar\/#\/schema\/logo\/image\/"}}]}},"jetpack_sharing_enabled":true,"_links":{"self":[{"href":"https:\/\/detaildepot.ar\/index.php?rest_route=\/wp\/v2\/product\/2081","targetHints":{"allow":["GET"]}}],"collection":[{"href":"https:\/\/detaildepot.ar\/index.php?rest_route=\/wp\/v2\/product"}],"about":[{"href":"https:\/\/detaildepot.ar\/index.php?rest_route=\/wp\/v2\/types\/product"}],"replies":[{"embeddable":true,"href":"https:\/\/detaildepot.ar\/index.php?rest_route=%2Fwp%2Fv2%2Fcomments&post=2081"}],"version-history":[{"count":1,"href":"https:\/\/detaildepot.ar\/index.php?rest_route=\/wp\/v2\/product\/2081\/revisions"}],"predecessor-version":[{"id":2082,"href":"https:\/\/detaildepot.ar\/index.php?rest_route=\/wp\/v2\/product\/2081\/revisions\/2082"}],"wp:featuredmedia":[{"embeddable":true,"href":"https:\/\/detaildepot.ar\/index.php?rest_route=\/wp\/v2\/media\/2069"}],"wp:attachment":[{"href":"https:\/\/detaildepot.ar\/index.php?rest_route=%2Fwp%2Fv2%2Fmedia&parent=2081"}],"wp:term":[{"taxonomy":"product_brand","embeddable":true,"href":"https:\/\/detaildepot.ar\/index.php?rest_route=%2Fwp%2Fv2%2Fproduct_brand&post=2081"},{"taxonomy":"product_cat","embeddable":true,"href":"https:\/\/detaildepot.ar\/index.php?rest_route=%2Fwp%2Fv2%2Fproduct_cat&post=2081"},{"taxonomy":"product_tag","embeddable":true,"href":"https:\/\/detaildepot.ar\/index.php?rest_route=%2Fwp%2Fv2%2Fproduct_tag&post=2081"}],"curies":[{"name":"wp","href":"https:\/\/api.w.org\/{rel}","templated":true}]}}