{"id":1769,"date":"2025-11-10T23:55:18","date_gmt":"2025-11-11T02:55:18","guid":{"rendered":"https:\/\/detaildepot.ar\/?post_type=product&#038;p=1769"},"modified":"2025-11-10T23:55:18","modified_gmt":"2025-11-11T02:55:18","slug":"flex-xce-10-8-125","status":"publish","type":"product","link":"https:\/\/detaildepot.ar\/?product=flex-xce-10-8-125","title":{"rendered":"FLEX XCE 10-8 125"},"content":{"rendered":"<p>Herramienta b\u00e1sica para solucionar los problemas de superficie m\u00e1s comunes, logrando un acabado impecable sin hologramas.<\/p>\n<p>Contrapeso para un funcionamiento m\u00e1s suave.<\/p>\n<p>Su baja generaci\u00f3n de calor en la superficie la hace ideal para pinturas sensibles a la temperatura.<\/p>\n<p>Almohadilla especial acolchada con velcro para pulir.<\/p>\n<p>Cabezal de engranaje plano que reduce la distancia a la superficie. Por lo tanto, la m\u00e1quina puede operarse con seguridad en cualquier posici\u00f3n.<\/p>\n<p>Cubierta de agarre: dise\u00f1o ergon\u00f3mico con SoftGrip. La m\u00e1quina se controla con precisi\u00f3n y ofrece un agarre c\u00f3modo y seguro en todo momento.<\/p>\n<p>Control por microprocesador VR: con control de velocidad constante mediante tacogenerador, arranque suave, gatillo de control de velocidad continuo, protecci\u00f3n contra reinicio tras un corte de energ\u00eda, protecci\u00f3n contra sobrecargas, monitorizaci\u00f3n de temperatura y selecci\u00f3n de velocidad.<\/p>\n<p>Flujo de aire optimizado para una refrigeraci\u00f3n \u00f3ptima del motor y el engranaje.<\/p>\n<p>Sin molestas salidas de aire para el usuario.<\/p>\n","protected":false},"excerpt":{"rendered":"<p>Herramienta b\u00e1sica para solucionar los problemas de superficie m\u00e1s comunes, logrando un acabado impecable sin hologramas. Contrapeso para un funcionamiento m\u00e1s suave. Su baja generaci\u00f3n de calor en la superficie la hace ideal para pinturas sensibles a la temperatura. Almohadilla especial acolchada con velcro para pulir. Cabezal de engranaje plano que reduce la distancia a [&hellip;]<\/p>\n","protected":false},"featured_media":1752,"comment_status":"open","ping_status":"closed","template":"","meta":[],"product_brand":[379],"product_cat":[16],"product_tag":[380,17,18,382],"class_list":{"0":"post-1769","1":"product","2":"type-product","3":"status-publish","4":"has-post-thumbnail","6":"product_brand-flex","7":"product_cat-pulidoras","8":"product_tag-flex","9":"product_tag-pulidora","10":"product_tag-rotoorbital","11":"product_tag-xce","13":"first","14":"onbackorder","15":"shipping-taxable","16":"purchasable","17":"product-type-simple"},"yoast_head":"<!-- This site is optimized with the Yoast SEO plugin v27.4 - https:\/\/yoast.com\/product\/yoast-seo-wordpress\/ -->\n<title>FLEX XCE 10-8 125 - Detail Depot | Tienda de insumos para detail<\/title>\n<meta name=\"robots\" content=\"index, follow, max-snippet:-1, max-image-preview:large, max-video-preview:-1\" \/>\n<link rel=\"canonical\" href=\"https:\/\/detaildepot.ar\/?product=flex-xce-10-8-125\" \/>\n<meta property=\"og:locale\" content=\"es_ES\" \/>\n<meta property=\"og:type\" content=\"article\" \/>\n<meta property=\"og:title\" content=\"FLEX XCE 10-8 125 - Detail Depot | Tienda de insumos para detail\" \/>\n<meta property=\"og:description\" content=\"Herramienta b\u00e1sica para solucionar los problemas de superficie m\u00e1s comunes, logrando un acabado impecable sin hologramas. Contrapeso para un funcionamiento m\u00e1s suave. Su baja generaci\u00f3n de calor en la superficie la hace ideal para pinturas sensibles a la temperatura. Almohadilla especial acolchada con velcro para pulir. Cabezal de engranaje plano que reduce la distancia a [&hellip;]\" \/>\n<meta property=\"og:url\" content=\"https:\/\/detaildepot.ar\/?product=flex-xce-10-8-125\" \/>\n<meta property=\"og:site_name\" content=\"Detail Depot | Tienda de insumos para detail\" \/>\n<meta property=\"og:image\" content=\"https:\/\/detaildepot.ar\/wp-content\/uploads\/2025\/11\/9.png\" \/>\n\t<meta property=\"og:image:width\" content=\"1024\" \/>\n\t<meta property=\"og:image:height\" content=\"1024\" \/>\n\t<meta property=\"og:image:type\" content=\"image\/png\" \/>\n<meta name=\"twitter:card\" content=\"summary_large_image\" \/>\n<meta name=\"twitter:label1\" content=\"Tiempo de lectura\" \/>\n\t<meta name=\"twitter:data1\" content=\"1 minuto\" \/>\n<script type=\"application\/ld+json\" class=\"yoast-schema-graph\">{\"@context\":\"https:\\\/\\\/schema.org\",\"@graph\":[{\"@type\":\"WebPage\",\"@id\":\"https:\\\/\\\/detaildepot.ar\\\/?product=flex-xce-10-8-125\",\"url\":\"https:\\\/\\\/detaildepot.ar\\\/?product=flex-xce-10-8-125\",\"name\":\"FLEX XCE 10-8 125 - Detail Depot | Tienda de insumos para detail\",\"isPartOf\":{\"@id\":\"https:\\\/\\\/detaildepot.ar\\\/#website\"},\"primaryImageOfPage\":{\"@id\":\"https:\\\/\\\/detaildepot.ar\\\/?product=flex-xce-10-8-125#primaryimage\"},\"image\":{\"@id\":\"https:\\\/\\\/detaildepot.ar\\\/?product=flex-xce-10-8-125#primaryimage\"},\"thumbnailUrl\":\"https:\\\/\\\/detaildepot.ar\\\/wp-content\\\/uploads\\\/2025\\\/11\\\/9.png\",\"datePublished\":\"2025-11-11T02:55:18+00:00\",\"breadcrumb\":{\"@id\":\"https:\\\/\\\/detaildepot.ar\\\/?product=flex-xce-10-8-125#breadcrumb\"},\"inLanguage\":\"es-AR\",\"potentialAction\":[{\"@type\":\"ReadAction\",\"target\":[\"https:\\\/\\\/detaildepot.ar\\\/?product=flex-xce-10-8-125\"]}]},{\"@type\":\"ImageObject\",\"inLanguage\":\"es-AR\",\"@id\":\"https:\\\/\\\/detaildepot.ar\\\/?product=flex-xce-10-8-125#primaryimage\",\"url\":\"https:\\\/\\\/detaildepot.ar\\\/wp-content\\\/uploads\\\/2025\\\/11\\\/9.png\",\"contentUrl\":\"https:\\\/\\\/detaildepot.ar\\\/wp-content\\\/uploads\\\/2025\\\/11\\\/9.png\",\"width\":1024,\"height\":1024},{\"@type\":\"BreadcrumbList\",\"@id\":\"https:\\\/\\\/detaildepot.ar\\\/?product=flex-xce-10-8-125#breadcrumb\",\"itemListElement\":[{\"@type\":\"ListItem\",\"position\":1,\"name\":\"Inicio\",\"item\":\"https:\\\/\\\/detaildepot.ar\\\/\"},{\"@type\":\"ListItem\",\"position\":2,\"name\":\"Tienda\",\"item\":\"https:\\\/\\\/detaildepot.ar\\\/\"},{\"@type\":\"ListItem\",\"position\":3,\"name\":\"FLEX XCE 10-8 125\"}]},{\"@type\":\"WebSite\",\"@id\":\"https:\\\/\\\/detaildepot.ar\\\/#website\",\"url\":\"https:\\\/\\\/detaildepot.ar\\\/\",\"name\":\"Detail Depot | Tienda de insumos para detail\",\"description\":\"\",\"publisher\":{\"@id\":\"https:\\\/\\\/detaildepot.ar\\\/#organization\"},\"potentialAction\":[{\"@type\":\"SearchAction\",\"target\":{\"@type\":\"EntryPoint\",\"urlTemplate\":\"https:\\\/\\\/detaildepot.ar\\\/?s={search_term_string}\"},\"query-input\":{\"@type\":\"PropertyValueSpecification\",\"valueRequired\":true,\"valueName\":\"search_term_string\"}}],\"inLanguage\":\"es-AR\"},{\"@type\":\"Organization\",\"@id\":\"https:\\\/\\\/detaildepot.ar\\\/#organization\",\"name\":\"Detail Depot | Tienda de insumos para detail\",\"url\":\"https:\\\/\\\/detaildepot.ar\\\/\",\"logo\":{\"@type\":\"ImageObject\",\"inLanguage\":\"es-AR\",\"@id\":\"https:\\\/\\\/detaildepot.ar\\\/#\\\/schema\\\/logo\\\/image\\\/\",\"url\":\"https:\\\/\\\/detaildepot.ar\\\/wp-content\\\/uploads\\\/2026\\\/03\\\/652187CB-8631-49B2-8296-13AA835CEAD2.png\",\"contentUrl\":\"https:\\\/\\\/detaildepot.ar\\\/wp-content\\\/uploads\\\/2026\\\/03\\\/652187CB-8631-49B2-8296-13AA835CEAD2.png\",\"width\":1024,\"height\":1024,\"caption\":\"Detail Depot | Tienda de insumos para detail\"},\"image\":{\"@id\":\"https:\\\/\\\/detaildepot.ar\\\/#\\\/schema\\\/logo\\\/image\\\/\"}}]}<\/script>\n<!-- \/ Yoast SEO plugin. -->","yoast_head_json":{"title":"FLEX XCE 10-8 125 - Detail Depot | Tienda de insumos para detail","robots":{"index":"index","follow":"follow","max-snippet":"max-snippet:-1","max-image-preview":"max-image-preview:large","max-video-preview":"max-video-preview:-1"},"canonical":"https:\/\/detaildepot.ar\/?product=flex-xce-10-8-125","og_locale":"es_ES","og_type":"article","og_title":"FLEX XCE 10-8 125 - Detail Depot | Tienda de insumos para detail","og_description":"Herramienta b\u00e1sica para solucionar los problemas de superficie m\u00e1s comunes, logrando un acabado impecable sin hologramas. Contrapeso para un funcionamiento m\u00e1s suave. Su baja generaci\u00f3n de calor en la superficie la hace ideal para pinturas sensibles a la temperatura. Almohadilla especial acolchada con velcro para pulir. Cabezal de engranaje plano que reduce la distancia a [&hellip;]","og_url":"https:\/\/detaildepot.ar\/?product=flex-xce-10-8-125","og_site_name":"Detail Depot | Tienda de insumos para detail","og_image":[{"width":1024,"height":1024,"url":"https:\/\/detaildepot.ar\/wp-content\/uploads\/2025\/11\/9.png","type":"image\/png"}],"twitter_card":"summary_large_image","twitter_misc":{"Tiempo de lectura":"1 minuto"},"schema":{"@context":"https:\/\/schema.org","@graph":[{"@type":"WebPage","@id":"https:\/\/detaildepot.ar\/?product=flex-xce-10-8-125","url":"https:\/\/detaildepot.ar\/?product=flex-xce-10-8-125","name":"FLEX XCE 10-8 125 - Detail Depot | Tienda de insumos para detail","isPartOf":{"@id":"https:\/\/detaildepot.ar\/#website"},"primaryImageOfPage":{"@id":"https:\/\/detaildepot.ar\/?product=flex-xce-10-8-125#primaryimage"},"image":{"@id":"https:\/\/detaildepot.ar\/?product=flex-xce-10-8-125#primaryimage"},"thumbnailUrl":"https:\/\/detaildepot.ar\/wp-content\/uploads\/2025\/11\/9.png","datePublished":"2025-11-11T02:55:18+00:00","breadcrumb":{"@id":"https:\/\/detaildepot.ar\/?product=flex-xce-10-8-125#breadcrumb"},"inLanguage":"es-AR","potentialAction":[{"@type":"ReadAction","target":["https:\/\/detaildepot.ar\/?product=flex-xce-10-8-125"]}]},{"@type":"ImageObject","inLanguage":"es-AR","@id":"https:\/\/detaildepot.ar\/?product=flex-xce-10-8-125#primaryimage","url":"https:\/\/detaildepot.ar\/wp-content\/uploads\/2025\/11\/9.png","contentUrl":"https:\/\/detaildepot.ar\/wp-content\/uploads\/2025\/11\/9.png","width":1024,"height":1024},{"@type":"BreadcrumbList","@id":"https:\/\/detaildepot.ar\/?product=flex-xce-10-8-125#breadcrumb","itemListElement":[{"@type":"ListItem","position":1,"name":"Inicio","item":"https:\/\/detaildepot.ar\/"},{"@type":"ListItem","position":2,"name":"Tienda","item":"https:\/\/detaildepot.ar\/"},{"@type":"ListItem","position":3,"name":"FLEX XCE 10-8 125"}]},{"@type":"WebSite","@id":"https:\/\/detaildepot.ar\/#website","url":"https:\/\/detaildepot.ar\/","name":"Detail Depot | Tienda de insumos para detail","description":"","publisher":{"@id":"https:\/\/detaildepot.ar\/#organization"},"potentialAction":[{"@type":"SearchAction","target":{"@type":"EntryPoint","urlTemplate":"https:\/\/detaildepot.ar\/?s={search_term_string}"},"query-input":{"@type":"PropertyValueSpecification","valueRequired":true,"valueName":"search_term_string"}}],"inLanguage":"es-AR"},{"@type":"Organization","@id":"https:\/\/detaildepot.ar\/#organization","name":"Detail Depot | Tienda de insumos para detail","url":"https:\/\/detaildepot.ar\/","logo":{"@type":"ImageObject","inLanguage":"es-AR","@id":"https:\/\/detaildepot.ar\/#\/schema\/logo\/image\/","url":"https:\/\/detaildepot.ar\/wp-content\/uploads\/2026\/03\/652187CB-8631-49B2-8296-13AA835CEAD2.png","contentUrl":"https:\/\/detaildepot.ar\/wp-content\/uploads\/2026\/03\/652187CB-8631-49B2-8296-13AA835CEAD2.png","width":1024,"height":1024,"caption":"Detail Depot | Tienda de insumos para detail"},"image":{"@id":"https:\/\/detaildepot.ar\/#\/schema\/logo\/image\/"}}]}},"jetpack_sharing_enabled":true,"_links":{"self":[{"href":"https:\/\/detaildepot.ar\/index.php?rest_route=\/wp\/v2\/product\/1769","targetHints":{"allow":["GET"]}}],"collection":[{"href":"https:\/\/detaildepot.ar\/index.php?rest_route=\/wp\/v2\/product"}],"about":[{"href":"https:\/\/detaildepot.ar\/index.php?rest_route=\/wp\/v2\/types\/product"}],"replies":[{"embeddable":true,"href":"https:\/\/detaildepot.ar\/index.php?rest_route=%2Fwp%2Fv2%2Fcomments&post=1769"}],"version-history":[{"count":2,"href":"https:\/\/detaildepot.ar\/index.php?rest_route=\/wp\/v2\/product\/1769\/revisions"}],"predecessor-version":[{"id":1771,"href":"https:\/\/detaildepot.ar\/index.php?rest_route=\/wp\/v2\/product\/1769\/revisions\/1771"}],"wp:featuredmedia":[{"embeddable":true,"href":"https:\/\/detaildepot.ar\/index.php?rest_route=\/wp\/v2\/media\/1752"}],"wp:attachment":[{"href":"https:\/\/detaildepot.ar\/index.php?rest_route=%2Fwp%2Fv2%2Fmedia&parent=1769"}],"wp:term":[{"taxonomy":"product_brand","embeddable":true,"href":"https:\/\/detaildepot.ar\/index.php?rest_route=%2Fwp%2Fv2%2Fproduct_brand&post=1769"},{"taxonomy":"product_cat","embeddable":true,"href":"https:\/\/detaildepot.ar\/index.php?rest_route=%2Fwp%2Fv2%2Fproduct_cat&post=1769"},{"taxonomy":"product_tag","embeddable":true,"href":"https:\/\/detaildepot.ar\/index.php?rest_route=%2Fwp%2Fv2%2Fproduct_tag&post=1769"}],"curies":[{"name":"wp","href":"https:\/\/api.w.org\/{rel}","templated":true}]}}